posite?
True
Is 6243 composite?
True
Is 78271 composite?
True
Is 15559 composite?
False
Is 19797 composite?
True
Is 4663 a composite number?
False
Is 34439 prime?
True
Is 29917 a composite number?
False
Is 6353 composite?
False
Is 5051 a composite number?
False
Is 287519 a prime number?
False
Is 51743 prime?
False
Is 128009 composite?
True
Is 39115 a composite number?
True
Is 123757 a prime number?
True
Is 161167 composite?
False
Is 16639 a prime number?
False
Is 10079 a composite number?
False
Is 118423 a prime number?
True
Is 71527 a prime number?
True
Is 3050641 a prime number?
False
Is 164867 composite?
True
Is 1287169 a composite number?
True
Is 6295 a composite number?
True
Is 696403 composite?
False
Is 25031 a prime number?
True
Is 180211 composite?
False
Is 18431 a composite number?
True
Is 269981 prime?
True
Is 50207 prime?
True
Is 8849 a composite number?
False
Is 1023851 a prime number?
True
Is 2503 a composite number?
False
Is 5191 a prime number?
False
Is 6891 a prime number?
False
Is 30553 a composite number?
False
Is 15421 a prime number?
False
Is 326 prime?
False
Is 1874 composite?
True
Is 981089 composite?
True
Is 3557 a prime number?
True
Is 195563 a prime number?
False
Is 541 a composite number?
False
Is 859231 a prime number?
False
Is 372971 prime?
True
Is 126413 composite?
True
Is 55285 a composite number?
True
Is 11901 a prime number?
False
Is 82799 a composite number?
False
Is 135889 a composite number?
True
Is 1537 composite?
True
Is 57337 a composite number?
True
Is 9257 a prime number?
True
Is 163019 composite?
False
Is 70753 a prime number?
True
Is 36289 prime?
False
Is 22771 a composite number?
True
Is 148381 a prime number?
True
Is 893563 composite?
True
Is 11197 a prime number?
True
Is 534707 a composite number?
False
Is 519797 a prime number?
True
Is 1319 composite?
False
Is 238709 a composite number?
False
Is 74653 prime?
True
Is 83057 a prime number?
False
Is 1259285 prime?
False
Is 117959 prime?
True
Is 11057 a prime number?
True
Is 3919 a prime number?
True
Is 29251 a composite number?
False
Is 277919 a prime number?
True
Is 134821 a composite number?
True
Is 132051 a composite number?
True
Is 1082 a composite number?
True
Is 1073 composite?
True
Is 124327 a prime number?
False
Is 184865 prime?
False
Is 535 a prime number?
False
Is 3322507 composite?
False
Is 22993 composite?
False
Is 6197 a composite number?
False
Is 3496879 composite?
True
Is 2153 a prime number?
True
Is 1338149 a prime number?
False
Is 406951 prime?
True
Is 42209 composite?
False
Is 4811 a prime number?
False
Is 373823 composite?
False
Is 162143 composite?
False
Is 11177 composite?
False
Is 119179 composite?
False
Is 125287 composite?
False
Is 39113 composite?
False
Is 51109 a prime number?
True
Is 21377 a composite number?
False
Is 87177 a prime number?
False
Is 15815 prime?
False
Is 183463 a composite number?
True
Is 11579 prime?
True
Is 8637 a composite number?
True
Is 1233901 prime?
False
Is 35099 prime?
True
Is 1006 prime?
False
Is 145619 a prime number?
False
Is 15947 a prime number?
False
Is 3541 a prime number?
True
Is 299995 a composite number?
True
Is 326463 a composite number?
True
Is 95723 a composite number?
False
Is 16301 a composite number?
False
Is 235357 prime?
False
Is 4091 prime?
True
Is 24571 a composite number?
False
Is 10537 prime?
False
Is 12223 composite?
True
Is 37435 a composite number?
True
Is 15479 a composite number?
True
Is 29363 prime?
True
Is 99559 composite?
False
Is 1442171 a composite number?
True
Is 15685 a prime number?
False
Is 158261 a composite number?
False
Is 7901 composite?
False
Is 8903 prime?
False
Is 1067 prime?
False
Is 467 a composite number?
False
Is 21103 prime?
False
Is 53765 a prime number?
False
Is 2957 a composite number?
False
Is 136013 composite?
False
Is 38638 a prime number?
False
Is 979 prime?
False
Is 223507 composite?
False
Is 17449 composite?
False
Is 121379 a composite number?
False
Is 564698 a prime number?
False
Is 571853 a composite number?
False
Is 3457 prime?
True
Is 62039 prime?
True
Is 65517 composite?
True
Is 35515 composite?
True
Is 884293 a prime number?
True
Is 141935 composite?
True
Is 5129 a composite number?
True
Is 777099 prime?
False
Is 5847 a composite number?
True
Is 83843 composite?
False
Is 9901 prime?
True
Is 5498 prime?
False
Is 161197 prime?
False
Is 2999 a prime number?
True
Is 1245953 a prime number?
True
Is 563 composite?
False
Is 35791 a prime number?
False
Is 667 prime?
False
Is 1102555 a composite number?
True
Is 251767 prime?
False
Is 24943 prime?
True
Is 541061 a prime number?
True
Is 44509 a composite number?
True
Is 1517917 prime?
True
Is 220663 a composite number?
False
Is 9511 composite?
False
Is 9311 composite?
False
Is 59113 a prime number?
True
Is 253273 composite?
False
Is 6247 prime?
True
Is 18773 a composite number?
False
Is 183151 composite?
False
Is 46807 composite?
False
Is 57173 prime?
True
Is 1039 composite?
False
Is 40241 a prime number?
True
Is 7694 a composite number?
True
Is 27101 prime?
False
Is 34123 a prime number?
True
Is 5245 prime?
False
Is 21143 a composite number?
False
Is 34721 a composite number?
False
Is 21661 prime?
True
Is 7522 a prime number?
False
Is 127267 composite?
True
Is 5167 a composite number?
False
Is 9199 a composite number?
False
Is 21377 a prime number?
True
Is 820577 composite?
False
Is 2942 composite?
True
Is 1363151 composite?
False
Is 10481 composite?
True
Is 1889 a prime number?
True
Is 17137 composite?
False
Is 1878109 a composite number?
True
Is 5534 prime?
False
Is 24835 a composite number?
True
Is 3967 prime?
True
Is 9229 a prime number?
False
Is 44413 a composite number?
True
Is 133051 a composite number?
False
Is 149 composite?
False
Is 89223 composite?
True
Is 6683 a prime number?
False
Is 18454 composite?
True
Is 260713 a prime number?
True
Is 68813 a composite number?
False
Is 710057 composite?
True
Is 5333 composite?
False
Is 218653 a prime number?
False
Is 3839 a composite number?
True
Is 62683 a prime number?
True
Is 203707 composite?
True
Is 96743 composite?
True
Is 126001 prime?
True
Is 38797 composite?
True
Is 30241 prime?
True
Is 199 composite?
False
Is 148663 a composite number?
False
Is 349737 composite?
True
Is 6857 composite?
False
Is 1879861 composite?
True
Is 12071 a prime number?
True
Is 34691 composite?
True
Is 16157 prime?
False
Is 896717 prime?
True
Is 364663 a composite number?
True
Is 869983 prime?
True
Is 3641 composite?
True
Is 279061 composite?
True
Is 62417 a composite number?
False
Is 266821 a prime number?
True
Is 817013 a prime number?
True
Is 11054 prime?
False
Is 240433 a composite number?
False
Is 2383 prime?
True
Is 10537 prime?
False
Is 437 a composite number?
True
Is 276671 composite?
False
Is 10883 a composite number?
False
Is 10667 a prime number?
True
Is 3569591 a prime number?
True
Is 203473 prime?
False
Is 193699 composite?
True
Is 60251 a composite number?
False
Is 4497 composite?
True
Is 24749 a prime number?
True
Is 204427 prime?
True
Is 87485 composite?
True
Is 1257 prime?
False
Is 11197 a prime number?
True
Is 238661 a prime number?
False
Is 13714 a composite number?
True
Is 1353197 prime?
True
Is 30529 composite?
False
Is 10541 a composite number?
True
Is 6389 a prime number?
True
Is 827461 a composite number?
False
Is 584509 prime?
True
Is 50069 a prime number?
True
Is 48239 a prime number?
True
Is 101811 prime?
False
Is 12193 composite?
True
Is 110809 a composite number?
True
Is 4837 a composite number?
True
Is 133927 a composite number?
True
Is 62 a composite number?
True
Is 12871 prime?
False
Is 25667 a prime number?
True
Is 335137 a composite number?
True
Is 556931 prime?
True
Is 8201 prime?
False
Is 34043 a composite number?
True
Is 12227 prime?
True
Is 72235 a composite number?
True
Is 13217 a composite number?
False
Is 128287 a composite number?
False
Is 19111 composite?
True
Is 404671 a composite number?
False
Is 310949 a composite number?
False
Is 180391 prime?
True
Is 106459 composite?
True
Is 180959 composite?
False
Is 14566 composite?
True
Is 25241 composite?
True
Is 20671 prime?
False
Is 4153 a composite number?
False
Is 2483 composite?
True
Is 532205 a prime number?
False
Is 19301 a prime number?
True
Is 55129 a prime number?
F